
-26
Calculate (-10 + 0 - -7) + 113 + (4 - 0).
114
What is the value of 178 + (-44 - 64) + -49?
21
What is the value of 97 + -87 + (-48 + 46 - (-28 + 0 - 0))?
36
5 + ((-15 - (4 + -1)) + 4 - 47)
-56
What is the value of (32 + -14 - (71 + -41)) + -38?
-50
What is the value of -141 - (-2 + (-14 - 4) + 17 + -37 + 31)?
-132
What is the value of 16 + 0 + 54 + -73 + 50 - (5 - 1)?
43
What is (44 + (3 - 45) - -19) + 27?
48
Calculate (0 - (3 - 17)) + (-60 + 14 - -35).
3
(-5 + -1 - 1 - (-9 - -12)) + (-35 - -1)
-44
What is -14 - (-2 + 24 + -33) - 58?
-61
Calculate 44 + -67 + (-2 - (1 - -5) - 2) + 6.
-27
What is the value of -2 + 1 - (1 + -3) - ((-322 - -164) + 224)?
-65
Evaluate 280 + 48 + -201 + -61.
66
Calculate (618 - 369) + -333 + (-1 - (0 - -2 - -10)).
-97
Evaluate -8 + (-121 - -151) + -1 + -14 + 82.
89
What is -47 - (39 + 35 + -99)?
-22
Evaluate 14 + 5 + -3 + -79 + 54 + -58.
-67
Evaluate (-24 - -6 - (58 - 25)) + 11 + -5 + 0.
-45
Evaluate 310 - 305 - ((-10 - (11 - -86)) + -9).
121
Calculate 47 - (244 + -122 + 1).
-76
-8 + 15 + -40 + 49 + 1 + 10
27
What is 12 - (-2 + 18) - (8 - 23 - -11)?
0
Calculate -14 - (-7 + 3 - 2) - -12.
4
What is the value of 71 + -37 + -12 + (-3 - (-1 + -1))?
21
-1183 - -1281 - (1 + 86)
11
Evaluate -2 - -30 - (-259 + 242).
45
What is the value of 8 + -29 + 10 + (35 - (2 - 1 - 8))?
31
What is (51 - (76 - 11)) + -63?
-77
What is 38 - (5 + 3) - (57 - -12 - 55)?
16
0 - 1 - (-6 + (7 - -35) + -4)
-33
-10 - (28 - 20 - (-17 + -3 - 10))
-48
Evaluate (14 + -9 + (15 - 21) - (-2 - -1)) + -8.
-8
137 + -226 + -7 + 145
49
8 + (19 - (44 + 1) - (-9 - 1)) - -104
96
Evaluate 69 - 79 - (-3 + (-1 - -3)) - 2 - -5.
-6
111 - (10 + -27 + 23 - (-7 + 3 + -4))
97
Evaluate -66 - (-88 + 169 - 140).
-7
Calculate 1 - ((-1 - -12 - 16) + (-10 - 0)).
16
What is the value of (3 - 28) + 26 + (10 - 36) - -9?
-16
Calculate -10 + -26 + (-5 - (1 + (9 - 6) + 0)).
-45
What is the value of -40 + (63 - (195 + -64))?
-108
What is 55 + 16 + -4 - ((2 - -9) + 0 + -6)?
62
What is the value of (-126 + 1 - -6) + (34 - (-39 - -54))?
-100
Calculate -2 + 2 + (32 - (7 - 50 - -79)).
-4
What is 5 - -10 - 19 - (-7 - (-27 + 5))?
-19
-28 + -17 + (9 - 4) + 1
-39
What is 37 + -13 + 2 - (-7 - 69)?
102
What is the value of (-6 - (0 + -3 - -4 - 7)) + -90 + 8?
-82
Evaluate 16 - 29 - -20 - (82 + 6 + -8).
-73
What is the value of -2127 + 2100 + (-1 - -71)?
43
24 - 2 - (-37 + 34 + 45) - 60
-80
What is the value of 12 + (-13 - -3) + -152 + 106?
-44
Calculate 6 - ((-39 - -92 - 42 - (0 - 2)) + -19).
12
What is 7 + 0 + (-38 - -26) + 24?
19
Evaluate -63 + (-2 + -12 - (-16 - 3) - -10).
-48
(1 - (-48 + 14)) + (15 - 100)
-50
Evaluate 49 + (-10 - (-15 + 13) - -21).
62
What is -5 + 20 + (-35 - 1) + -9?
-30
What is (-6 + -1 + 27 - 24) + 41?
37
Evaluate 68 + (-25 - (-45 - -17)) + -1 + 3.
73
Evaluate 25 + (24 - (1 + (-4 - -113) + 10)).
-71
Evaluate -56 - (-7 - (-8 - (7 + 0 - (18 - 14)))).
-60
What is the value of -1 - 0 - 9 - (62 + 13 - 120)?
35
What is 3 + -14 + 13 + -14 + (6 - -6) + -3?
-3
What is (-3 - (10 - -3)) + (-326 - -270) + 5 + 4?
-63
Evaluate -24 + 16 + 2 + (-1 + 10 + 23 - 8).
18
What is the value of 3 + -2 + -57 + (-145 - -157)?
-44
Calculate -16 - (-7 + 1 - (50 + -32)).
8
-35 + 0 + -5 - -50
10
What is the value of 15 + 21 + -8 - (0 + 1 - -13)?
14
Calculate -2 - (30 + 0 - (-36 + 57 - (13 - -1))).
-25
What is (137 - 47 - 46) + (-3 - 0) - -2?
43
Evaluate 17 - ((6 - -5) + (32 - 4) - 8).
-14
20 + (-3 - 14) + -12 + -5 + 6 - 47
-55
What is the value of (69 - 24) + 4 - 9?
40
Calculate 9 + 29 + -66 - (-4 - 18).
-6
What is 5 + -54 + (10 - (-8 + (10 - 3)))?
-38
Evaluate (51 - 2) + 2 + (-24 - 12) + 22.
37
What is (-2 - -4) + (6 - 28 - -41) - (-1 - -6)?
16
What is the value of 7 - (-43 + 70 + -49)?
29
What is the value of (1 - 0) + 20 - (3564 - 3481)?
-62
7 + -108 + -74 + 22
-153
Evaluate -25 - (29 - (30 + -3)).
-27
Calculate -2 + 1 + (19 - (-8 + (13 - -12))) + 10.
11
Evaluate 42 - (4 - -9 - (11 - (3 - -1))).
36
Calculate 12 + -2 - (18 + (3 - 23 - -65)).
-53
What is (19 + 1 - 17) + 12 + 27?
42
What is 19 + -69 + 36 + 13 + -1 - -86?
84
What is 7 + 18 + 0 + (-26 - 26)?
-27
What is the value of 19 + -51 + -41 - -2?
-71
Evaluate (4 - -3) + (-2 - 3 - 3) - (-7 + 1).
5
Evaluate -1 + -2 + 0 + 3 - (17916 - 17816) - 13.
-113
2 + -21 - -26 - (-2 + -1 + (-6 - -19))
-3
What is the value of 40 + 0 + 70 + (3 - 79)?
34
What is -100 + -38 + 82 - (-1 + (14 - 0))?
-69
Calculate (1 - -1) + 18 - (36574 + -36596).
42
What is -18 - ((-10 - (6 + -5 - -5)) + 23)?
-25
-107 + 122 + -37 - (-57 + 1)
34
What is the value of -1 - 21 - -56 - 10?
24
17 + -5 + -11 + -15
-14
Evaluate 11 - (-1 + 6) - (-27 + 51 + -32).
14
What is the value of 8 + 18 + -10 + 2 + (0 - 2) + 3?
19
What is the value of 5 + -36 + 28 + (-4 - -1) + -31 - 7?
-44
Calculate -4 + (8 - (-7 - -9 - 1)) + (170 - 96).
77
What is 3 - -4 - ((-36 - -87) + -26)?
-18
(138 - -38) + -151 + 3 + 4 + -2
30
Calculate 108 - -5 - ((32 - 3 - 10) + -11).
105
What is the value of 3 + (384 - 417 - (2 - 2 - 14))?
-16
9 + -1 - (26 - 8 - 14) - (78 - -8)
-82
Evaluate -260 + -166 + 430 - (-1 - (-1 - -14)).
18
-51 - (4 + (57 - 17))
-95
What is 411 - (-34 + 307) - (5 - 2)?
135
What is the value of (-424 - -404) + (16 - -1) - (89 - 0)?
-92
What is -13 - -4 - (2 + -3 + -6 + 4)?
-6
69 - ((1 - -13) + (-37 - (39 + -83)) + -12)
60
What is -11 + (-11 - -32) - (5 - 15 - 65)?
85
-5 + 1 - (51 + (-2 - (-12 - -9)) - -16)
-72
Calculate 9 - (-105 - -101 - (1 - 11)) - 9 - 65.
-71
What is 5343 + -5338 + (-1 - -26)?
30
What is the value of -23 + 31 - ((-2 - -86) + (-49 - -46))?
-73
Evaluate (-56 - -46) + (-3 - 5) + 18 + -3.
-3
Calculate (80 - (-52 - -116)) + -109.
-93
Calculate -4 + -6 + -2 + -18 + -50 + 46.
-34
Calculate 0 + 5 - -1 - (-226 - (42 - 262)).
12
What is the value of (-5 - 2) + (49 - (4 + 52))?
-14
What is 19 + (47 - -4 - 25 - 131)?
-86
0 - -4 - (2 - (-17 + -4) - -30)
-49
What is the value of 2 - ((-1 - 6) + (25 - (58 + -29 - 76)))?
-63
Evaluate 25 + (172 - 148 - (0 + 11)).
38
-5 + 36 - (14 - 75)
92
Evaluate -49 + 4 + 43 - (6 + -2 - (6 + -44)).
-44
-17 + 15 - (0 + (18 - 0) - 8)
-12
Calculate -86 + (7 + 81 - 63).
-61
Calculate (-30 - 1) + (-1734 - -1698) + (0 - -14) + 34.
-19
Calculate -31 + 26 + 0 + -6 - (-5 + 4 - 14).
4
Evaluate -140 - (-204 + 226 + (-45 - 2)).
-115
What is the value of -25 + 4 + 136 + -151?
-36
What is the value of 25 + (-36 - (-18 - -47))?
-40
What is (60 - (41 + -2)) + (3 - 35)?
-11
What is 17 - (-18 + (-56 - -21 - -156))?
-86
Calculate 47 - ((-1 - -1) + 16 + (3 - 9)).
37
What is the value of -31 - -93 - (-86 + 33 - -23)?
92
-232 + 209 + 0 + (-1 - -13) + (-2 - 2)
-15
What is -303 + 293 + (10 - 0) + -80 - -7?
-73
151 + (135 - (71 + 89))
126
41 + ((0 - 12) + (-130 - -150) - 8)
41
(-1 - -22) + (-13 - 65) + 99
42
What is (-6 - (-38 + 23)) + -39?
-30
Calculate (-1 - (-1 + 1)) + -101 + 148 + 27.
73
What is 21 - (6 - -31) - (-7 - 19)?
10
What is the value of 1 + (-7 + 9 - (1 - -12 - -72))?
-82
Evaluate (-95 - (0 + 2) - (9971 + -9987)) + -13.
-94
1 - (0 + (-8 + -3 - -4) - 21)
29
What is the value of 12 + (-51 + 54 - (0 - (1 - 2)))?
14
What is the value of 0 - 12 - ((77 - 123) + 28)?
6
Evaluate (-1 - (0 - 3) - 6) + (4308 - 4330).
-26
Evaluate -28 - -22 - ((-4 - -11) + 34 + 1 + -10).
-38
Evaluate 46 + 10 + -9 + (-3 - -4).
48
What is the value of 110 + ((4 + -8 - -10) + -9 - (57 - 46))?
96
What is the value of 12 + ((21 - -17) + (-16 - -5) + 2 - 6)?
35
What is -20 - 14 - -14 - (-123 + 126)?
-23
Calculate 3 + -6 - (-15 + 3) - 8 - 24 - -8.
-15
Evaluate (-73 - (5 - (11 + -5)) - 2) + (-7 - -19).
-62
What is the value of 1 - ((85 - 35) + -76)?
27
Calculate 17 - (15 - (13 + -4 + -4)).
7
What is 42 + (-52 - -64) - (-5 + -15)?
74
What is -65 + 63 + 122 - 25?
95
Calculate 25 + -2 + -17 + 11 + -9 - (8 + -1).
1
What is the value of -51 - -28 - -21 - (-1 - 132) - 21?
110
Evaluate -26 + 4 + 1 - (132 + (-123 - -3)).
-33
What is the value of 9 + (-18 - (28 + -9 - 6))?
-22
What is the value of -11 + 5 + 16 - (-3 - -19)?
-6
Evaluate 20 - (11 - 24) - 45 - (0 + -1 - 68).
57
Evaluate 8 - (3 + -3) - (14 - (62 + -59)).
-3
Calculate 12 + 3 + -13 + 9 - (-57 - -47).
21
What is -83 + 155 + -17 + 5?
60
What is the value of 9 - (13 + 33) - (-42 - -55)?
-50
-10 + (19 - 29 - (-17 - -5)) - 36
-44
What is the value of (-24 